(g) = f(g) - 4*z(g). Suppose 4*v + 417 = -0*i + 3*i, -3*i + 93 = -v. Let u = 104 + v. Determine c(u).
-10
Let z(i) = -61*i**2 - 21*i - 14. Let c(v) = 33*v**2 + 10*v + 7. Let a(f) = 11*c(f) + 6*z(f). Calculate a(-5).
-2
Let d(g) = 74*g + 14 + 9 + 30*g + 69*g - 171*g. Give d(-11).
1
Let l(r) = -73870*r - 17 + 73892*r + r**2 + 77. Give l(-20).
20
Let v be 416/(-10) + (-2)/10*2. Let z be ((-4)/(-14))/(v/(-441)). Let l(q) = 3*q**2. What is l(z)?
27
Let l(s) be the first derivative of s**2/2 - 8*s - 921. Determine l(4).
-4
Let r(v) = -2*v**3 + 5*v**2 - 4*v - 3. Suppose -149 - 307 = -107*g - 135. What is r(g)?
-24
Let g(m) = -2 - 2 - 11*m**2 - 4 + 10*m**2 + 8*m. Let b(l) = l**3 - 8*l**2 + 6. Let i be b(8). What is g(i)?
4
Let o(r) be the third derivative of r**5/60 - 2*r**3 - 12*r**2 + 18*r. Determine o(0).
-12
Let l(h) = -h**2 + 3. Let s(y) = y + 33. Let q be (-11)/5 - -2 - (-768)/40. Let n be s(q). Let w = -52 + n. What is l(w)?
3
Let b be -254*8/12 - (-14)/(-21). Let g = b + 175. Let x(v) = -v + 0*v + 4*v. Calculate x(g).
15
Let p(f) be the second derivative of 0*f**3 + 0*f**2 + 1/20*f**5 - 2*f - 1/6*f**4 - 95. What is p(-2)?
-16
Let o(n) = 8*n - 5*n - 4 - 4 + 0*n - 5*n. Give o(8).
-24
Let r = -58981 + 58973. Let p(t) be the first derivative of t**3/3 + 7*t**2/2 - 13*t - 1. Determine p(r).
-5
Let t(k) = 763*k - 4 + 60*k**2 - 61*k**2 - 755*k. Suppose l + l = 6. Suppose l*p + j = 20, -3*p - 4*j = -16 - 10. Give t(p).
8
Let p(r) be the third derivative of -r**6/120 + 7*r**5/60 - r**4/8 - 23*r**3/6 + 59*r**2 - 3*r + 1. What is p(7)?
-44
Suppose 11 = t + 4*t + l, 2*l + 14 = 2*t. Let v be (t - -1) + (-5 - -7). Let n be (-7)/((4/v)/((-12)/18)). Let x(k) = 3*k - 9. Calculate x(n).
12
Let r(z) = 4*z + 9 + 52 - 2 - 3. Let h be r(-13). Suppose 3*w - 3*f - 2*f = -17, 4 = h*f. Let m(y) = -y**3 - 3*y**2 + 5*y + 2. Determine m(w).
-2
Let p(w) be the second derivative of w**5/20 + 5*w**4/12 + w**3/6 + 14*w**2 + 10847*w. Calculate p(-6).
-14
Let p(c) = 4 + 324*c - 966*c + 0 + 323*c + 331*c. Give p(-5).
-56
Let c(m) = -5*m**2 + 25*m + 21. Let x = 78 + -75. Let z(k) = 51 - 2*k**2 - 41 + x*k + 9*k. Let r(h) = 3*c(h) - 7*z(h). Give r(-9).
-7
Suppose 2*x + 240*k = 245*k + 40, -k - 8 = 2*x. Let j(b) = -b**2 + 6*b + 5. Calculate j(x).
5
Let o = 6675 + -6683. Let d(f) = -f**2 - f + 61. Determine d(o).
5
Let t(g) = -5*g + 14. Suppose 5*z - 364 = -20*z - 27*z. What is t(z)?
-21
Let j(t) be the first derivative of t**2/2 + 2. Let u(k) = -k**2 + k + 44. Let p be (49/(-14))/(-1)*(-1 + 3). Let h be u(p). Give j(h).
2
Let x = 1312 + -1311. Let k(d) = 3*d**2 + 1 + 2*d**3 + 10*d**3 - 2*d**2 - 2*d**3 - 2*d. Give k(x).
10
Let y(k) = -k - 21. Suppose -71 = 128*x - 135 - 448. Determine y(x).
-25
Let n(m) = 17 + 2 + 2 + 30 - m**2. What is n(-7)?
2
Let i = -1576 + 1578. Let s(c) = -3*c**3 - c - 1. Give s(i).
-27
Let x be (-5)/7 + (6/21)/(-1). Let k(l) = 57*l**2 - 11*l + 3. Let o(n) = 2*n**2 - 3*n + 1. Let u(y) = x*k(y) + 4*o(y). Determine u(1).
-49
Let g(o) be the first derivative of -1/2*o**2 + 3*o - 6. Let m = -75 - -68. Calculate g(m).
10
Let z(t) be the third derivative of t**4/24 - 3*t**3/2 + t**2. Suppose 72*n = 174 - 60 + 318. Give z(n).
-3
Let b(v) = v**2 + 15*v + 30. Let n be b(-12). Let f(s) be the second derivative of s**5/20 + 2*s**4/3 + 4*s**3/3 + s**2/2 + 5*s - 13. Determine f(n).
25
Let f(u) = -15*u - 255. Let q(x) = 8*x + 134. Let b(p) = -4*f(p) - 7*q(p). What is b(-24)?
-14
Let f(a) = -a**2 - 7*a - 10. Suppose 40 = -3*d - 4*l - 52, -5*d - 157 = 3*l. Let r be (3 - d/(-12))/(3/(-45)). Determine f(r).
0
Let u(y) = y**3 + 3*y**2 - 2*y - 2. Let l(r) = 6*r**3 - 107*r**2 - 18*r - 2. Let m be l(18). Let b(x) = -5 + 0*x - x + 0*x. Let t be b(m). Determine u(t).
4
Let s(d) = -3*d - 12. Suppose 48 = 21*v + 174. Give s(v).
6
Let i = 150 - 139. Suppose -5*a = r + 52, 2*a - 6*r = -i*r - 7. Let p(d) = -d**2 - 10*d + 4. Give p(a).
-7
Suppose 258*z - 254*z + 828 = 0. Let l = -208 - z. Let h(c) be the first derivative of 7*c**4/4 + 2*c**3/3 + c**2 + c - 1. Determine h(l).
-6
Suppose 67*p - 5*p = -82*p - 1296. Let r(f) = 8*f + 11. Calculate r(p).
-61
Suppose -164*p + 159*p = -n - 25, -n = 5. Let y(u) = u**2 - 22*u + 69. Determine y(p).
-3
Let m(v) be the second derivative of 0*v**2 + 35 - v - 23/6*v**3. What is m(-1)?
23
Let b(o) be the first derivative of -o**4/4 - 10*o**3/3 - 11*o**2/2 + 15*o + 2247. Determine b(-8).
-25
Let m(c) = -2*c**2 - 22*c - 12. Let l be m(-10). Let d(a) = -5 - l - 11 - 9 - a + 29. Give d(-3).
-1
Let w(a) = -a + 10. Let m = 4 - 7. Suppose 400*u = -406*u + 185*u - 7452. Let h be 156/16 + m/u. Calculate w(h).
0
Let u(t) = t**2 - 120 + 120. Let f(d) = 2*d**2. Let v(n) = -f(n) + 3*u(n). Let k(p) = -6*p**3 - 1. Let a(o) = k(o) + 2*v(o). What is a(-1)?
7
Let m(u) = -u. Let c = -2496 - -2497. Let a(k) = 2 - 3*k - 4*k + 2*k. Let b be a(c). Give m(b).
3
Suppose -u = 2*y, 5 = y - 4*u - 13. Let n(s) = -2*s**2 - 5*s + 9. Give n(y).
-9
Let m(y) = 6*y**2. Suppose -3*p + 49 = 67. Let k be p/(-14) - 162/(-63). Suppose s = k - 2. Calculate m(s).
6
Let o(s) = -3*s + 37. Let w = 15289 - 15278. Calculate o(w).
4
Let n(w) = w - 1. Let l(b) = -b + 2. Let p(s) = 5*l(s) + 6*n(s). Suppose -4*k - 38 = 3*u, 90*u + 30 = -k + 79*u. Calculate p(k).
-4
Let h = -14 + 30. Let q(r) = 13*r**3 + r + 4*r**3 + r**2 - 16*r**3 - h. Suppose 0 = 3*o + 2*o. Calculate q(o).
-16
Let y(h) = h - 9. Let w(j) = 13*j**3 - 5*j**2 + 9. Let r(a) = a**3 - a**2 - a + 1. Let l(z) = -5*r(z) + w(z). Let b be l(-1). Calculate y(b).
-18
Let x(d) = 2*d**2 + 8*d + 0*d**3 - 3*d**3 - 4 + 4*d**2 + 2*d**3. Let i(p) = -p**2 - 76*p - 348. Let a be i(-71). Give x(a).
3
Let l(m) be the third derivative of m**4/12 - 29*m**3/6 - 2*m**2. Let g = 64046 - 64033. Calculate l(g).
-3
Let m(w) be the third derivative of 0 + 1/60*w**5 - 67*w**2 + 1/24*w**4 - 1/6*w**3 - 23/120*w**6 + 0*w. Determine m(1).
-22
Let a(g) = g**3 - g**2 + g + 2. Let u = 21351 - 21352. Calculate a(u).
-1
Suppose 3 = -4*s + 47. Let h(j) = 6*j - 161. Let a(n) = -5*n + 130. Let d(o) = -5*a(o) - 4*h(o). Determine d(s).
5
Let x be 4 - 26/4 - (-8)/(-16). Let v be 4*-6*4/(-32). Let p(w) = v*w**2 + 4*w**3 - 3*w**3 + 5*w**3 + w - 5*w**3 + 4. What is p(x)?
1
Let q(w) be the third derivative of -w**6/60 - w**5/15 + w**4/6 + w**3/2 + 1419*w**2. Determine q(-4).
51
Let v = 12 - 15. Let b be (v - -9 - 4)/1. Let r be 3/b*(-8)/(-12). Let n(z) = -2*z**2 + z. Give n(r).
-1
Suppose 0 = 4*l - 4*g - 36, 2*l = 5*g + 30 - 9. Let x(d) be the third derivative of d**5/60 - 5*d**4/12 + 4*d**3/3 - 2*d**2 - 2. Calculate x(l).
-8
Let l(s) = s + 8. Let p be l(0). Let d(t) = -2*t**3 - 60*t**2 - 9*t + 14. Let z(q) = -q**3 - 69*q**2 + q + 2. Let m(x) = d(x) - z(x). What is m(p)?
-4
Let s(z) = -z**3 - 42*z**2 - 244*z + 35. Let f be s(-35). Let d(q) be the second derivative of 0 + f*q**2 - 27*q + 1/2*q**3. Calculate d(-2).
-6
Let d(m) = -5*m - 2. Let s(p) = -14*p - 67 - 68 - 66 - 68 + 262. Let h = 2 - 5. Let g(b) = h*s(b) + 8*d(b). Calculate g(-4).
-3
Let m(n) = -n**2 + n + 4. Let f be 1/((-9)/(-498))*-3. Let v = f + 162. Give m(v).
-16
Let i(k) = 7*k + 124. Let p(s) = 28*s**2 - 62*s - 5. Let w be p(2). Calculate i(w).
5
Let q(a) = 16*a - 40. Let j(h) = -5*h + 1. Let i(p) = -3*j(p) - q(p). Let f be i(44). Let n(m) = -m**2 - 8*m - 9. What is n(f)?
-2
Let h = 3837 - 3838. Let b(p) = -8*p**2 - 12*p - 10. Calculate b(h).
-6
Let q(v) = -3*v. Let b(j) = 2*j**2 - 3*j. Let x be b(2). Let m(s) = -s. Let c(k) = x*m(k) - q(k). Suppose 126*y - 134*y + 16 = 0. What is c(y)?
2
Let d(u) = 6*u**3 + 4*u**2 - 3*u - 4. Let p be d(2). Suppose -47*o + p*o = 49. Let m(t) = 3*t - 2. What is m(o)?
19
Let k(n) = -165 + 9*n - 55*n + 8*n + 40*n + 6*n. Determine k(20).
-5
Let t(r) = r**3 + 23*r**2 - 47*r + 66. Suppose 22*b - 37 = m + 18*b, -3*b = 4*m + 91. Determine t(m).
-9
Let t(x) = -24*x - 39. Let c(b) = -56*b - 77. Let d(o) = -2*c(o) + 5*t(o). Determine d(-5).
-1
Let n(q) be the first derivative of -q**3/3 - 2*q**2 - 2*q - 141. Let l(b) = -b**3 + 9*b**2 - 13*b - 12. Let x be l(7). What is n(x)?
-7
Let c(n) = 2*n**2 + 12 - 19 + 8 - 2*n - 6*n**2. Let g be -1*(1 + -1 + -1). Determine c(g).
-5
Let x(m) = -m + 4. Let t be x(2). Let g(p) = 7*p + 11*p + 4 + 8*p + 6*p - 30*p. Let y(r) = -8*r - 13. Let q(c) = t*y(c) + 7*g(c). G